 37 = -4*r, b + 3 = 5*r - 7. Suppose -3*q = -3*u - 0*u - 201, q - 71 = r*u. List the prime factors of q.
5, 13
Let x(y) = 5*y**3 + y**2 - 1. Let q be x(1). Suppose 5*j + q*v = 840, j = -3*j - 3*v + 671. What are the prime factors of j?
167
Let o(z) = -141*z - 3. Let t be o(-3). Suppose -2*q + t = 2*q. Let p = q + -69. What are the prime factors of p?
2, 3
Let t(i) = -62*i - 38. List the prime factors of t(-4).
2, 3, 5, 7
Suppose 3*w - 2 = q + 15, 0 = w + 4*q + 16. Suppose u + 4*p = 3*u - 120, 286 = 5*u + w*p. What are the prime factors of u?
2, 29
Let f(p) = -p - 8. Let a(b) = -b - 15. Let k be a(-6). Let m(v) = -2*v - 15. Let o(d) = k*f(d) + 4*m(d). What are the prime factors of o(-5)?
7
Let f(r) = -5*r**2 - 13*r - 5. Let j(o) = -o**2 - o. Let w(a) = f(a) - 6*j(a). List the prime factors of w(-5).
5, 11
List the prime factors of -10*(-2133)/(-36)*2/(-3).
5, 79
Let l = -17 - -20. Let k = -2 + l. What are the prime factors of (-2)/k + (8 - -1)?
7
Suppose 0 = -q + 5*n + 2, 5*q + 3*n - 73 = 7*n. Suppose 2*a + 2*w - q - 153 = 0, -a + 3*w = -65. List the prime factors of a.
2, 5
Let o(v) = 149*v + 5. Let n be o(3). List the prime factors of 2/4 - n/(-8).
3, 19
Suppose -9*u + 72 = -3*u. Suppose 0 = 21*b - 18*b - u. Suppose -3*k + 141 = 2*r, -2*k = r + b*r - 105. List the prime factors of k.
3, 5
Suppose 4*g - b + 746 = 7*g, -2*g - b + 499 = 0. List the prime factors of g.
13, 19
Let d(o) = 0*o**2 - 6*o - 1 + o**2 + 0*o**2 + 4. Let k be d(6). Suppose -3*l = 3*v - 33, -5*l + k*l + 10 = 0. What are the prime factors of v?
2, 3
What are the prime factors of 5/(150/(-516))*-5?
2, 43
Suppose -12141 = 31*o - 40*o. List the prime factors of o.
19, 71
Suppose 4*g = 2*g + 4. Let a be (10/(-4))/(1/(-8)). List the prime factors of 8/g*85/a.
17
Let x(u) = -u**2 - 4*u - 33. Let p be x(0). Suppose -3*k - 6 = -k. What are the prime factors of -2 - k - (p + 2)?
2
Let w = 17 - -18. Suppose -179 = -8*r - w. List the prime factors of r.
2, 3
Let l(v) = 6*v**2 - 162*v - 122. List the prime factors of l(41).
2, 11, 151
Suppose -4*j + 9 = -5*j. Let k(y) = -9*y - 12. What are the prime factors of k(j)?
3, 23
Suppose -h + 15 = -2*p, -2*p + 2*h + 3 - 23 = 0. Let y = p - -6. Suppose u + c = 3, 2*u - 3*c + y = u. What are the prime factors of u?
2
Let l = -29 - -18. Let w(q) = -5*q - 2. Let h(r) = 17*r + 29. Let u(a) = h(a) + 4*w(a). List the prime factors of u(l).
2, 3
Let f(z) = 3 + z**3 + z**2 + 4 - 16 + 6*z - 7*z**2. What are the prime factors of f(6)?
3
Let v(d) = -d**2 - 7*d - 1. Suppose -4*n - 388 = 2*a, -294 = -0*n + 3*n + 3*a. Let p be n/30 - 1/(-5). List the prime factors of v(p).
11
Suppose 0*v + 205 = 4*x - 5*v, -2*x + 75 = 3*v. List the prime factors of x.
3, 5
Let j = -3 + 5. Suppose 0 = -0*a + 3*a - 5*g - 70, j*g - 2 = 0. What are the prime factors of a?
5
Let y = 2002 - 443. List the prime factors of y.
1559
Let v = 29 + -28. What are the prime factors of (-1 + 23)*2 + v*-1?
43
Suppose 0 = -4*m - 0*m + 80. Suppose -21*o + 122 = -m*o. List the prime factors of o.
2, 61
Let d be -2 - ((-87)/3 + -2). Suppose 32 = 4*o - k, -4*k + 9 = -4*o + d. Suppose -6*w - 135 = -o*w. What are the prime factors of w?
3, 5
Let h(i) = -5*i**3 + 10*i**2 + 10*i - 10. Let u(s) = 14*s**3 - 31*s**2 - 29*s + 31. Let m(d) = -11*h(d) - 4*u(d). What are the prime factors of m(14)?
2, 5, 7
Let c(m) = -m**3 + 3*m**2 + 4. Let l be c(4). Let v = -7 - l. Let n(t) = 2*t**2 - 4*t + 3. List the prime factors of n(v).
3, 11
Let q be (15/9)/((-2)/(-6)). Suppose q*k = -51 + 251. What are the prime factors of k?
2, 5
What are the prime factors of 4*33/(-48)*-368?
2, 11, 23
Suppose -4*q + 956 = -2*w + 3*w, -5*q = -3*w + 2851. List the prime factors of w.
2, 7, 17
Let l = -426 - -861. List the prime factors of l.
3, 5, 29
Let u(q) = 5*q + 2. Let n be u(-2). What are the prime factors of 55 + 0 + n/4?
53
Let w = 17 + -13. Suppose w*v = -v + 15. Suppose 0 = v*z - 23 - 16. What are the prime factors of z?
13
Let s = 734 - 557. List the prime factors of s.
3, 59
Let q = -16 - 13. Let o = -3 - q. List the prime factors of o.
2, 13
Let a(z) = -399*z - 386. What are the prime factors of a(-12)?
2, 31, 71
Suppose 9 = 5*j + 2*b - 4, 21 = j + 5*b. Suppose 4*y = -2*x - 86, x - 46 = 2*y - j. List the prime factors of 6/(-4)*y/3.
11
Let m(q) = 5*q + 32. Let s be m(0). Suppose 33 = 2*k + k. Let p = k + s. List the prime factors of p.
43
Let v(x) = -x**2 - 9*x - 6. Let b(s) = s. Let j(y) = 3*b(y) - v(y). Let o be j(-12). Suppose 45 = o*h - 3*h. What are the prime factors of h?
3, 5
Let q(f) = 482*f - 1. What are the prime factors of q(1)?
13, 37
What are the prime factors of -2*(-10)/(-2 + 1468/730)?
5, 73
Let k(h) = 58*h - 12. Let p(b) = b**2 - 19*b + 2. Let t be p(19). What are the prime factors of k(t)?
2, 13
What are the prime factors of (16/(-40))/(9841/(-2460) + 4)?
2, 3, 41
Let q = 239 - 143. What are the prime factors of (189/(-2))/((-72)/q)?
2, 3, 7
Let n(i) = 30*i - 25 + 6 - 10 - 9. What are the prime factors of n(8)?
2, 101
Let r(d) = d**2 + 6*d + 4. Let i be r(-6). Suppose 468 = i*w - 0*w. List the prime factors of 720/w + 4/(-26).
2, 3
Let h(l) = 3*l**2 + 44*l + 15. List the prime factors of h(8).
13, 43
Suppose 3*n + 22 = 2*x - 0*x, -x + 2 = 0. Let b be 0 + 28/(2/1). Let f = b + n. List the prime factors of f.
2
Suppose -5*q = -598 - 92. Let u = q + 58. List the prime factors of u.
2, 7
Let d be 288/(-90) + (-2)/(-10) + 3. Suppose -13*s + 35 + 680 = d. List the prime factors of s.
5, 11
Let q(f) = -30*f + 8 + 13 + f - 22. Let s(b) = -b. Let l be s(1). What are the prime factors of q(l)?
2, 7
Suppose 2*x - 12 = -x + 3*k, 0 = x + k - 14. Let a(z) = -z**3 + 9*z**2 + z - 9. Let d be a(x). Suppose -2*m + d*m = -70. What are the prime factors of m?
5, 7
Let z(x) = -x**3 + 11*x**2 + 4*x - 9. Suppose 3*i - 9 = -0*i. Suppose 0 = -4*k + 3*w + 31 + 1, i*k = -5*w + 53. What are the prime factors of z(k)?
5, 7
List the prime factors of (-8)/(48/1410)*-5.
5, 47
Let i(g) = 3*g**3 - g**2 - 4*g + 1. Let s(z) = -7*z**3 + 2*z**2 + 9*z - 2. Let n(h) = -13*i(h) - 6*s(h). What are the prime factors of n(2)?
23
Let w(f) = -4*f**3 - 2*f**2 - 13*f - 19. Let z be w(-2). Let l be (-103)/4 - (-2)/(-8). Let n = l + z. What are the prime factors of n?
5
Suppose u - 164 = 36. Suppose 2*c - 36 = u. What are the prime factors of c?
2, 59
Suppose 75 = -0*s + 5*s. Suppose -z + 77 = -3*z - 5*g, s = -3*g. What are the prime factors of 2/13 - 1426/z?
5, 11
Let d(k) = -k**2 + k + 3. Let m be d(-2). What are the prime factors of ((-2)/(m - -2))/(14/161)?
23
Suppose c - 4*a = -2*c - 7, -5*a = 5*c - 35. Suppose 5*j - 62 = -u, 0 = c*u - 2*u - 3*j - 30. List the prime factors of u.
2, 3, 7
Suppose -8*q = 5*q - 4563. List the prime factors of q.
3, 13
Suppose i = -3*y - y + 24, 3*i - 2*y = 86. What are the prime factors of i?
2, 7
Suppose -73*s = -64*s - 7254. What are the prime factors of s?
2, 13, 31
Let m be (1/2)/(10/360). Suppose -m*g + 15*g = -354. List the prime factors of g.
2, 59
Let o be (12/8)/(3/(-124)). Let f = o - -109. What are the prime factors of f?
47
Let s = 16 + 28. Suppose 4*r + 3*j = 672 + s, r + 3*j - 188 = 0. Let p = r - 120. List the prime factors of p.
2, 7
Suppose 12 = d + 5*n, -2 = 3*d - 4*n - 0. Let y be -3 + 3 + 1 + -1. Suppose y = 3*x + 5*b - 20, x = 7*b - d*b. What are the prime factors of x?
5
Suppose -16*i = -2720 - 2096. List the prime factors of i.
7, 43
List the prime factors of (194 - 210)*280/(4/(-2)).
2, 5, 7
Let u(d) = 7*d**3 + 29*d**2 - 107*d - 4. What are the prime factors of u(5)?
1061
Let a be (10/4)/((-4)/8). Let z(v) = -v**3 - v**2 + 5*v + 2. Let m be z(a). Suppose -m = -p - 23. List the prime factors of p.
2, 3
Let c = -28 - -14. Let v = c - -17. List the prime factors of v.
3
Let s = -290 - -727. What are the prime factors of s?
19, 23
Suppose 4*z + 2*w - 1255 = 3*w, -5*z = -2*w - 1568. Suppose 4*u + z = 2*q, -3 = -0*u + u. List the prime factors of q.
151
Let z(b) = -3*b + 1213*b**2 - 10 - 1204*b**2 + 6*b. List the prime factors of z(4).
2, 73
Suppose 2*m + 8 = 3*m. Let k = m - 4. Suppose j - 93 = -3*f, -j = f + k*j - 17. What are the prime factors of f?
2
Let l = 3923 - 2018. What are the prime factors of l?
3, 5, 127
Let i(q) = -q**3 - 8*q**2 - 10*q - 1. Let u be i(-7). Suppose r = -3*r + u. S